{"id":114,"date":"2019-04-14T20:08:29","date_gmt":"2019-04-14T20:08:29","guid":{"rendered":"http:\/\/luetzellinden.com\/?page_id=114"},"modified":"2019-05-28T20:28:31","modified_gmt":"2019-05-28T20:28:31","slug":"schiessssport","status":"publish","type":"page","link":"https:\/\/luetzellinden.com\/?page_id=114","title":{"rendered":"Schie\u00dfsport"},"content":{"rendered":"\n<p><a href=\"http:\/\/luetzellinden.com\/?page_id=193\">Ergebnisse &#8211; Schie\u00dfsport<\/a><\/p>\n\n\n\n<p><a href=\"http:\/\/luetzellinden.com\/?page_id=193\" target=\"_blank\" rel=\"noreferrer noopener\" aria-label=\"Ortspokalschie\u00dfen (\u00f6ffnet in neuem Tab)\">Ortspokalschie\u00dfen<\/a><\/p>\n\n\n\n<p><a href=\"http:\/\/luetzellinden.com\/?page_id=164\" target=\"_blank\" rel=\"noreferrer noopener\" aria-label=\"K\u00f6nig - K\u00f6nigin - Prinz - \u00dcbersicht (\u00f6ffnet in neuem Tab)\">K\u00f6nig &#8211; K\u00f6nigin &#8211; Prinz &#8211; \u00dcbersicht<\/a><\/p>\n","protected":false},"excerpt":{"rendered":"<p>Ergebnisse &#8211; Schie\u00dfsport Ortspokalschie\u00dfen K\u00f6nig &#8211; K\u00f6nigin &#8211; Prinz &#8211; \u00dcbersicht<\/p>\n","protected":false},"author":1,"featured_media":0,"parent":0,"menu_order":0,"comment_status":"closed","ping_status":"closed","template":"","meta":{"footnotes":""},"class_list":["post-114","page","type-page","status-publish","hentry"],"_links":{"self":[{"href":"https:\/\/luetzellinden.com\/index.php?rest_route=\/wp\/v2\/pages\/114","targetHints":{"allow":["GET"]}}],"collection":[{"href":"https:\/\/luetzellinden.com\/index.php?rest_route=\/wp\/v2\/pages"}],"about":[{"href":"https:\/\/luetzellinden.com\/index.php?rest_route=\/wp\/v2\/types\/page"}],"author":[{"embeddable":true,"href":"https:\/\/luetzellinden.com\/index.php?rest_route=\/wp\/v2\/users\/1"}],"replies":[{"embeddable":true,"href":"https:\/\/luetzellinden.com\/index.php?rest_route=%2Fwp%2Fv2%2Fcomments&post=114"}],"version-history":[{"count":8,"href":"https:\/\/luetzellinden.com\/index.php?rest_route=\/wp\/v2\/pages\/114\/revisions"}],"predecessor-version":[{"id":198,"href":"https:\/\/luetzellinden.com\/index.php?rest_route=\/wp\/v2\/pages\/114\/revisions\/198"}],"wp:attachment":[{"href":"https:\/\/luetzellinden.com\/index.php?rest_route=%2Fwp%2Fv2%2Fmedia&parent=114"}],"curies":[{"name":"wp","href":"https:\/\/api.w.org\/{rel}","templated":true}]}}